{"id":1242,"date":"2021-01-04T21:16:02","date_gmt":"2021-01-05T01:16:02","guid":{"rendered":"https:\/\/pastocalle.gob.ec\/cotopaxi\/?page_id=1242"},"modified":"2021-09-07T10:54:11","modified_gmt":"2021-09-07T14:54:11","slug":"rendicion-de-cuentas-2021","status":"publish","type":"page","link":"https:\/\/pastocalle.gob.ec\/cotopaxi\/rendicion-de-cuentas-2021\/","title":{"rendered":"Rendici\u00f3n de Cuentas 2021"},"content":{"rendered":"<p><a href=\"https:\/\/pastocalle.gob.ec\/cotopaxi\/wp-content\/uploads\/2021\/09\/MAPEO-DE-ACTORES.pdf\">MAPEO DE ACTORES<\/a><\/p>\n<p><a href=\"https:\/\/pastocalle.gob.ec\/cotopaxi\/wp-content\/uploads\/2021\/09\/RC-2020-Informe-Javier.pdf\">RC-2020 Informe Javier<\/a><\/p>\n<p><a href=\"https:\/\/pastocalle.gob.ec\/cotopaxi\/wp-content\/uploads\/2021\/09\/ORDEN-DEL-DIA-RENDICI\u00d3N-DE-CUENTAS.pdf\">ORDEN DEL DIA RENDICI\u00d3N DE CUENTAS<\/a><\/p>\n<p><a href=\"https:\/\/pastocalle.gob.ec\/cotopaxi\/wp-content\/uploads\/2021\/09\/RC-2020-Gad-Pastocalle.pdf\">RC-2020 Gad Pastocalle<\/a><\/p>\n<p><a href=\"https:\/\/pastocalle.gob.ec\/cotopaxi\/wp-content\/uploads\/2021\/09\/RC-2020-Nancy-Iza.pdf\">RC-2020 Nancy Iza<\/a><\/p>\n<p><a href=\"https:\/\/pastocalle.gob.ec\/cotopaxi\/wp-content\/uploads\/2021\/09\/RC-2020-Juan.pdf\">RC-2020 Juan<\/a><\/p>\n<p><a href=\"https:\/\/pastocalle.gob.ec\/cotopaxi\/wp-content\/uploads\/2021\/09\/RC-2020-Jessica.pdf\">RC-2020 Jessica<\/a><\/p>\n<p><a href=\"https:\/\/pastocalle.gob.ec\/cotopaxi\/wp-content\/uploads\/2021\/09\/RC-2020-Javier.pdf\">RC-2020 Javier<\/a><\/p>\n<p><a href=\"https:\/\/pastocalle.gob.ec\/cotopaxi\/wp-content\/uploads\/2021\/09\/ACTA-RENDICION-DE-CUENTA-2020.pdf\">ACTA RENDICION DE CUENTA 2020<\/a><\/p>\n","protected":false},"excerpt":{"rendered":"<p>MAPEO DE ACTORES RC-2020 Informe Javier ORDEN DEL DIA RENDICI\u00d3N DE CUENTAS RC-2020 Gad Pastocalle RC-2020 Nancy Iza RC-2020 Juan RC-2020 Jessica RC-2020 Javier ACTA RENDICION DE CUENTA 2020<\/p>\n","protected":false},"author":2,"featured_media":0,"parent":0,"menu_order":0,"comment_status":"closed","ping_status":"closed","template":"","meta":{"footnotes":""},"class_list":["post-1242","page","type-page","status-publish","hentry"],"yoast_head":"<!-- This site is optimized with the Yoast SEO plugin v26.9 - https:\/\/yoast.com\/product\/yoast-seo-wordpress\/ -->\n<title>Rendici\u00f3n de Cuentas 2021 - GAD parroquial Pastocalle<\/title>\n<meta name=\"description\" content=\"En cumplimiento con lo establecido en la constituci\u00f3n del Ecuador de acuerdo al art. 83 lit 11 y en concordancia con la ley del CPCCS art 9, la se\u00f1ora presidenta y los se\u00f1ores vocales del GAD Pastocalle, participan de la deliberaci\u00f3n publica de rendici\u00f3n de cuentas per\u00edodo 2020\" \/>\n<meta name=\"robots\" content=\"index, follow, max-snippet:-1, max-image-preview:large, max-video-preview:-1\" \/>\n<link rel=\"canonical\" href=\"https:\/\/pastocalle.gob.ec\/cotopaxi\/rendicion-de-cuentas-2021\/\" \/>\n<meta property=\"og:locale\" content=\"es_ES\" \/>\n<meta property=\"og:type\" content=\"article\" \/>\n<meta property=\"og:title\" content=\"Rendici\u00f3n de Cuentas 2021 - GAD parroquial Pastocalle\" \/>\n<meta property=\"og:description\" content=\"En cumplimiento con lo establecido en la constituci\u00f3n del Ecuador de acuerdo al art. 83 lit 11 y en concordancia con la ley del CPCCS art 9, la se\u00f1ora presidenta y los se\u00f1ores vocales del GAD Pastocalle, participan de la deliberaci\u00f3n publica de rendici\u00f3n de cuentas per\u00edodo 2020\" \/>\n<meta property=\"og:url\" content=\"https:\/\/pastocalle.gob.ec\/cotopaxi\/rendicion-de-cuentas-2021\/\" \/>\n<meta property=\"og:site_name\" content=\"GAD parroquial Pastocalle\" \/>\n<meta property=\"article:modified_time\" content=\"2021-09-07T14:54:11+00:00\" \/>\n<meta name=\"twitter:card\" content=\"summary_large_image\" \/>\n<script type=\"application\/ld+json\" class=\"yoast-schema-graph\">{\"@context\":\"https:\/\/schema.org\",\"@graph\":[{\"@type\":\"WebPage\",\"@id\":\"https:\/\/pastocalle.gob.ec\/cotopaxi\/rendicion-de-cuentas-2021\/\",\"url\":\"https:\/\/pastocalle.gob.ec\/cotopaxi\/rendicion-de-cuentas-2021\/\",\"name\":\"Rendici\u00f3n de Cuentas 2021 - GAD parroquial Pastocalle\",\"isPartOf\":{\"@id\":\"https:\/\/pastocalle.gob.ec\/cotopaxi\/#website\"},\"datePublished\":\"2021-01-05T01:16:02+00:00\",\"dateModified\":\"2021-09-07T14:54:11+00:00\",\"description\":\"En cumplimiento con lo establecido en la constituci\u00f3n del Ecuador de acuerdo al art. 83 lit 11 y en concordancia con la ley del CPCCS art 9, la se\u00f1ora presidenta y los se\u00f1ores vocales del GAD Pastocalle, participan de la deliberaci\u00f3n publica de rendici\u00f3n de cuentas per\u00edodo 2020\",\"breadcrumb\":{\"@id\":\"https:\/\/pastocalle.gob.ec\/cotopaxi\/rendicion-de-cuentas-2021\/#breadcrumb\"},\"inLanguage\":\"es\",\"potentialAction\":[{\"@type\":\"ReadAction\",\"target\":[\"https:\/\/pastocalle.gob.ec\/cotopaxi\/rendicion-de-cuentas-2021\/\"]}]},{\"@type\":\"BreadcrumbList\",\"@id\":\"https:\/\/pastocalle.gob.ec\/cotopaxi\/rendicion-de-cuentas-2021\/#breadcrumb\",\"itemListElement\":[{\"@type\":\"ListItem\",\"position\":1,\"name\":\"Home\",\"item\":\"https:\/\/pastocalle.gob.ec\/cotopaxi\/\"},{\"@type\":\"ListItem\",\"position\":2,\"name\":\"Rendici\u00f3n de Cuentas 2021\"}]},{\"@type\":\"WebSite\",\"@id\":\"https:\/\/pastocalle.gob.ec\/cotopaxi\/#website\",\"url\":\"https:\/\/pastocalle.gob.ec\/cotopaxi\/\",\"name\":\"GAD Parroquial de Pastocalle\",\"description\":\"Sitio Oficial del GAD Parroquial de Pastocalle Cotopaxi\",\"publisher\":{\"@id\":\"https:\/\/pastocalle.gob.ec\/cotopaxi\/#organization\"},\"potentialAction\":[{\"@type\":\"SearchAction\",\"target\":{\"@type\":\"EntryPoint\",\"urlTemplate\":\"https:\/\/pastocalle.gob.ec\/cotopaxi\/?s={search_term_string}\"},\"query-input\":{\"@type\":\"PropertyValueSpecification\",\"valueRequired\":true,\"valueName\":\"search_term_string\"}}],\"inLanguage\":\"es\"},{\"@type\":\"Organization\",\"@id\":\"https:\/\/pastocalle.gob.ec\/cotopaxi\/#organization\",\"name\":\"GAD Parroquial de Pastocalle\",\"url\":\"https:\/\/pastocalle.gob.ec\/cotopaxi\/\",\"logo\":{\"@type\":\"ImageObject\",\"inLanguage\":\"es\",\"@id\":\"https:\/\/pastocalle.gob.ec\/cotopaxi\/#\/schema\/logo\/image\/\",\"url\":\"https:\/\/pastocalle.gob.ec\/cotopaxi\/wp-content\/uploads\/2020\/06\/logoFooter.png\",\"contentUrl\":\"https:\/\/pastocalle.gob.ec\/cotopaxi\/wp-content\/uploads\/2020\/06\/logoFooter.png\",\"width\":160,\"height\":156,\"caption\":\"GAD Parroquial de Pastocalle\"},\"image\":{\"@id\":\"https:\/\/pastocalle.gob.ec\/cotopaxi\/#\/schema\/logo\/image\/\"}}]}<\/script>\n<!-- \/ Yoast SEO plugin. -->","yoast_head_json":{"title":"Rendici\u00f3n de Cuentas 2021 - GAD parroquial Pastocalle","description":"En cumplimiento con lo establecido en la constituci\u00f3n del Ecuador de acuerdo al art. 83 lit 11 y en concordancia con la ley del CPCCS art 9, la se\u00f1ora presidenta y los se\u00f1ores vocales del GAD Pastocalle, participan de la deliberaci\u00f3n publica de rendici\u00f3n de cuentas per\u00edodo 2020","robots":{"index":"index","follow":"follow","max-snippet":"max-snippet:-1","max-image-preview":"max-image-preview:large","max-video-preview":"max-video-preview:-1"},"canonical":"https:\/\/pastocalle.gob.ec\/cotopaxi\/rendicion-de-cuentas-2021\/","og_locale":"es_ES","og_type":"article","og_title":"Rendici\u00f3n de Cuentas 2021 - GAD parroquial Pastocalle","og_description":"En cumplimiento con lo establecido en la constituci\u00f3n del Ecuador de acuerdo al art. 83 lit 11 y en concordancia con la ley del CPCCS art 9, la se\u00f1ora presidenta y los se\u00f1ores vocales del GAD Pastocalle, participan de la deliberaci\u00f3n publica de rendici\u00f3n de cuentas per\u00edodo 2020","og_url":"https:\/\/pastocalle.gob.ec\/cotopaxi\/rendicion-de-cuentas-2021\/","og_site_name":"GAD parroquial Pastocalle","article_modified_time":"2021-09-07T14:54:11+00:00","twitter_card":"summary_large_image","schema":{"@context":"https:\/\/schema.org","@graph":[{"@type":"WebPage","@id":"https:\/\/pastocalle.gob.ec\/cotopaxi\/rendicion-de-cuentas-2021\/","url":"https:\/\/pastocalle.gob.ec\/cotopaxi\/rendicion-de-cuentas-2021\/","name":"Rendici\u00f3n de Cuentas 2021 - GAD parroquial Pastocalle","isPartOf":{"@id":"https:\/\/pastocalle.gob.ec\/cotopaxi\/#website"},"datePublished":"2021-01-05T01:16:02+00:00","dateModified":"2021-09-07T14:54:11+00:00","description":"En cumplimiento con lo establecido en la constituci\u00f3n del Ecuador de acuerdo al art. 83 lit 11 y en concordancia con la ley del CPCCS art 9, la se\u00f1ora presidenta y los se\u00f1ores vocales del GAD Pastocalle, participan de la deliberaci\u00f3n publica de rendici\u00f3n de cuentas per\u00edodo 2020","breadcrumb":{"@id":"https:\/\/pastocalle.gob.ec\/cotopaxi\/rendicion-de-cuentas-2021\/#breadcrumb"},"inLanguage":"es","potentialAction":[{"@type":"ReadAction","target":["https:\/\/pastocalle.gob.ec\/cotopaxi\/rendicion-de-cuentas-2021\/"]}]},{"@type":"BreadcrumbList","@id":"https:\/\/pastocalle.gob.ec\/cotopaxi\/rendicion-de-cuentas-2021\/#breadcrumb","itemListElement":[{"@type":"ListItem","position":1,"name":"Home","item":"https:\/\/pastocalle.gob.ec\/cotopaxi\/"},{"@type":"ListItem","position":2,"name":"Rendici\u00f3n de Cuentas 2021"}]},{"@type":"WebSite","@id":"https:\/\/pastocalle.gob.ec\/cotopaxi\/#website","url":"https:\/\/pastocalle.gob.ec\/cotopaxi\/","name":"GAD Parroquial de Pastocalle","description":"Sitio Oficial del GAD Parroquial de Pastocalle Cotopaxi","publisher":{"@id":"https:\/\/pastocalle.gob.ec\/cotopaxi\/#organization"},"potentialAction":[{"@type":"SearchAction","target":{"@type":"EntryPoint","urlTemplate":"https:\/\/pastocalle.gob.ec\/cotopaxi\/?s={search_term_string}"},"query-input":{"@type":"PropertyValueSpecification","valueRequired":true,"valueName":"search_term_string"}}],"inLanguage":"es"},{"@type":"Organization","@id":"https:\/\/pastocalle.gob.ec\/cotopaxi\/#organization","name":"GAD Parroquial de Pastocalle","url":"https:\/\/pastocalle.gob.ec\/cotopaxi\/","logo":{"@type":"ImageObject","inLanguage":"es","@id":"https:\/\/pastocalle.gob.ec\/cotopaxi\/#\/schema\/logo\/image\/","url":"https:\/\/pastocalle.gob.ec\/cotopaxi\/wp-content\/uploads\/2020\/06\/logoFooter.png","contentUrl":"https:\/\/pastocalle.gob.ec\/cotopaxi\/wp-content\/uploads\/2020\/06\/logoFooter.png","width":160,"height":156,"caption":"GAD Parroquial de Pastocalle"},"image":{"@id":"https:\/\/pastocalle.gob.ec\/cotopaxi\/#\/schema\/logo\/image\/"}}]}},"_links":{"self":[{"href":"https:\/\/pastocalle.gob.ec\/cotopaxi\/wp-json\/wp\/v2\/pages\/1242","targetHints":{"allow":["GET"]}}],"collection":[{"href":"https:\/\/pastocalle.gob.ec\/cotopaxi\/wp-json\/wp\/v2\/pages"}],"about":[{"href":"https:\/\/pastocalle.gob.ec\/cotopaxi\/wp-json\/wp\/v2\/types\/page"}],"author":[{"embeddable":true,"href":"https:\/\/pastocalle.gob.ec\/cotopaxi\/wp-json\/wp\/v2\/users\/2"}],"replies":[{"embeddable":true,"href":"https:\/\/pastocalle.gob.ec\/cotopaxi\/wp-json\/wp\/v2\/comments?post=1242"}],"version-history":[{"count":3,"href":"https:\/\/pastocalle.gob.ec\/cotopaxi\/wp-json\/wp\/v2\/pages\/1242\/revisions"}],"predecessor-version":[{"id":1454,"href":"https:\/\/pastocalle.gob.ec\/cotopaxi\/wp-json\/wp\/v2\/pages\/1242\/revisions\/1454"}],"wp:attachment":[{"href":"https:\/\/pastocalle.gob.ec\/cotopaxi\/wp-json\/wp\/v2\/media?parent=1242"}],"curies":[{"name":"wp","href":"https:\/\/api.w.org\/{rel}","templated":true}]}}